25 (base 16) to base 15.
6332c5
What is -744672 (base 9) in base 8?
-1541256
What is 4023112 (base 5) in base 4?
33222131
32279 (base 14) to base 11
830a4
What is 1011000111001 (base 2) in base 3?
21210201
3515435 (base 8) to base 7
11064465
What is 22187704 (base 9) in base 2?
101000111111100010101111
-21136540 (base 7) to base 6
-102220004
Convert 23143 (base 7) to base 14.
2223
What is 5810 (base 9) in base 15?
141c
What is 31001011 (base 4) in base 14?
15605
What is 194946 (base 10) in base 8?
574602
What is -7b607 (base 13) in base 11?
-144150
What is 52454630 (base 7) in base 12?
1599b25
Convert 2775 (base 9) to base 8.
4055
What is 13112322311 (base 4) in base 11?
10a8222
What is 436202 (base 7) in base 14?
1dca9
182996 (base 14) to base 8
3201070
Convert 671015 (base 8) to base 16.
3720d
1dccb (base 14) to base 3
10220002202
What is 9798c (base 14) in base 16?
598f8
What is -330210100 (base 4) in base 9?
-417264
-11010110011011111010 (base 2) to base 6
-30454202
What is 819ba3 (base 13) in base 8?
13413576
What is -10001101111000111 (base 2) in base 13?
-270b3
What is -232443100 (base 6) in base 3?
-22010221201100
Convert 2a606 (base 11) to base 2.
1010100100111100
What is 687134 (base 11) in base 14?
20640d
What is -2bc9 (base 13) in base 11?
-4905
-43433411 (base 7) to base 11
-2112a89
Convert -533224510 (base 6) to base 9.
-18612286
What is -bd1c7 (base 14) in base 4?
-1233331323
-5a841 (base 11) to base 10
-87528
-22121102102 (base 3) to base 5
-20410221
Convert -110001110100000111010100 (base 2) to base 16.
-c741d4
-31303322 (base 4) to base 2
-1101110011111010
-536050 (base 9) to base 14
-84547
-1020123323 (base 4) to base 8
-1103373
Convert -2020010220100 (base 3) to base 9.
-2203810
What is 1212022220202 (base 3) in base 10?
990650
-13144532 (base 6) to base 10
-433928
41303121 (base 5) to base 13
baa62
Convert 3411866 (base 10) to base 4.
31000332122
Convert 4707 (base 9) to base 3.
11210021
Convert -836ba1 (base 12) to base 15.
-2abc77
Convert -304555 (base 8) to base 13.
-36ac6
-191b4 (base 13) to base 8
-137012
What is -1101011110000110001 (base 2) in base 4?
-1223300301
Convert -2200516 (base 8) to base 5.
-122341113
9315a42 (base 11) to base 10
16449754
Convert 2099718 (base 11) to base 2.
1110000100010100111000
1100021022001 (base 3) to base 12
2a5184
What is 100001232 (base 4) in base 9?
110040
Convert -286b0 (base 13) to base 8.
-224117
What is -223325 (base 9) in base 15?
-29918
-11252501 (base 6) to base 10
-349237
110110001100100110 (base 2) to base 14
5ac86
1011110011011001001 (base 2) to base 10
386761
12020002201000 (base 3) to base 6
135305430
Convert 10aa047 (base 11) to base 9.
3563254
What is 642dcd (base 14) in base 6?
200345001
What is -1279a92 (base 11) in base 9?
-4136703
54243632 (base 7) to base 4
101223010223
What is 115445 (base 8) in base 11?
27927
Convert -69064 (base 14) to base 7.
-2112154
Convert -24746 (base 11) to base 5.
-2114003
What is 2597338 (base 11) in base 10?
4489867
Convert -14151215 (base 6) to base 3.
-220102222002
Convert -111012022 (base 5) to base 15.
-98bac
What is 1df7b (base 16) in base 3?
20020101012
10422635 (base 8) to base 9
4180673
Convert 3154345 (base 7) to base 10.
383311
What is -11276 (base 16) in base 5?
-4222022
What is -35173125 (base 8) in base 11?
-4366008
-2341504 (base 7) to base 2
-1001000001111101011
Convert -5520c5 (base 13) to base 3.
-10202210201202
Convert c6098b (base 13) to base 5.
2141103033
Convert 70a652 (base 13) to base 6.
132111210
Convert 358238 (base 14) to base 5.
431443241
12300003213 (base 4) to base 7
21020325
41d28 (base 16) to base 4
1001310220
cd273a (base 16) to base 14
1adda78
Convert -11311230 (base 5) to base 12.
-50198
What is 9164632 (base 10) in base 7?
140620021
What is -481705 (base 10) in base 12?
-1b2921
-8871a (base 11) to base 16
-1f684
Convert 593c9 (base 13) to base 4.
213312302
What is 6289a (base 11) in base 4?
112113001
Convert -1210523 (base 6) to base 11.
-43949
-125533 (base 6) to base 5
-333044
What is 3222020223 (base 4) in base 9?
1721466
2300e (base 15) to base 16
1b31d
-322233133 (base 4) to base 14
-63983
252330 (base 7) to base 2
1011010110001001
177165 (base 11) to base 2
1000010101010010111
-188c8 (base 13) to base 10
-47653
-2201441202 (base 5) to base 12
-16b65ba
Convert -2000202010012 (base 3) to base 14.
-20099a
-1000213132 (base 4) to base 2
-1000000100111011110
What is 146ac9 (base 16) in base 7?
14242020
What is 7752834 (base 9) in base 8?
17715264
14056 (base 11) to base 8
47072
Convert -302211120 (base 4) to base 12.
-9baa0
What is 378b3 (base 16) in base 12?
ab7ab
What is -33103013113 (base 4) in base 3?
-21112202022101
Convert -49894 (base 15) to base 10.
-234814
What is 185ebf (base 16) in base 3?
10000010211120
Convert 21420 (base 5) to base 14.
781
-237113 (base 10) to base 4
-321320321
-955018 (base 10) to base 3
-1210112001001
Convert -23ab39 (base 16) to base 13.
-63acbb
What is -203220331 (base 5) in base 4?
-3030002010
Convert -22490 (base 14) to base 5.
-10130410
Convert 260402 (base 11) to base 8.
1441502
Convert 1525868 (base 9) to base 16.
ce183
What is -104032324 (base 5) in base 2?
-1101111001010101011
What is 1b522c (base 13) in base 8?
2520771
What is -c6265 (base 13) in base 8?
-1267757
Convert -12532340 (base 6) to base 9.
-704386
What is 1100111101010001011 (base 2) in base 15?
85c0c
Convert -84483 (base 13) to base 3.
-110002120000
440862 (base 14) to base 13
629b7b
What is -611b9 (base 14) in base 12?
-b3227
What is -c4a466 (base 14) in base 10?
-6635866
-1001000110110011 (base 2) to base 9
-56143
What is 30251001 (base 6) in base 11?
539749
Convert -132116164 (base 7) to base 14.
-11b0adb
7123b0 (base 12) to base 9
3282256
Convert 202122330 (base 4) to base 10.
140988
Convert -1607525 (base 8) to base 12.
-1a3905
Convert 1245325 (base 6) to base 16.
10bf5
What is 3551041 (base 7) in base 4?
1231231033
Convert 16040 (base 14) to base 12.
27960
What is -247a2 (base 15) in base 7?
-663404
What is -2477d (base 16) in base 2?
-100100011101111101
Convert 342013344 (base 5) to base 15.
1ee5ee
What is 223170 (base 12) in base 13?
160b24
What is 43578 (base 16) in base 13?
9871b
-4c76a (base 14) to base 5
-22004213
-11221222221222 (base 3) to base 12
-a723b2
Convert -1760805 (base 9) to base 10.
-984803
Convert -133305030 (base 6) to base 8.
-12171652
Convert -99e17 (base 15) to base 14.
-ca3ac
-104287 (base 9) to base 4
-33023332
11410a (base 11) to base 14
4a031
Convert -162441 (base 7) to base 16.
-7d7c
Convert -11431141 (base 7) to base 15.
-1510b4
Convert 5a564 (base 16) to base 7.
3100530
1096b10 (base 12) to base 13
876681
-77089 (base 13) to base 5
-23343134
-365185 (base 14) to base 4
-13011213101
What is -33031113 (base 4) in base 2?
-1111001101010111
What is 2121022201101 (base 3) in base 10?
1384165
What is 2022421134 (base 5) in base 12?
1461159
1011122111 (base 3) to base 5
1214241
Convert a9ba07 (base 12) to base 5.
1142223044
-2264131 (base 8) to base 10
-616537
What is 311013 (base 10) in base 2?
1001011111011100101
Convert 1011112102000 (base 3) to base 11.
394361
What is -111222102102 (base 3) in base 5?
-32301031
-331a3 (base 14) to base 4
-132032223
What is -130211201 (base 4) in base 13?
-413ab
What is 12c01b (base 15) in base 11?
566059
What is -2513134 (base 9) in base 5?
-322220422
1ab3a9 (base 13) to base 10
681716
-11575a (base 13) to base 15
-82182
Convert 11513a (base 14) to base 11.
373483
69733 (base 16) to base 12
189b57
100221201200102 (base 3) to base 4
110023112300
-57d6b7 (base 16) to base 4
-111331122313
What is 45212313 (base 6) in base 13?
38ca00
What is -115003177 (base 8) in base 2?
-1001101000000011001111111
4716a (base 11) to base 10
68078
Convert 86645c (base 15) to base 2.
11000011010011111110011
What is 13325151 (base 7) in base 13?
3425b8
Convert 4040021 (base 6) to base 4.
232311031
What is 150411450 (base 7) in base 11?
5688697
Convert -c7918 (base 16) to base 14.
-173c80
What is -2100011002010 (base 3) in base 8?
-4573572
Convert 541233 (base 6) to base 4.
22311111
-29cab9 (base 14) to base 2
-101100011100100111011
111221212201 (base 3) to base 2
1000011000100111000
Convert 38d0bb (base 15) to base 14.
50dc24
Convert -29207 (base 